-2*h + 168 = 3*g + h. Calculate the greatest common factor of 3 and g.
3
Let w be (-13 + (-2)/(-2))*-1. Let h(u) = u - 28. Let o be h(-7). Let q be -7*(2 - (-190)/o). What is the greatest common divisor of q and w?
12
Let u be 2/16*-10*(-66 - 2). Let c(d) = -48*d. Let j be c(-1). Suppose -4*b = -184 + j. What is the greatest common divisor of b and u?
17
Suppose 7*t - 4*t = 0. Let l be (96/(-20))/(6/(-75) - t). Calculate the greatest common divisor of 15 and l.
15
Suppose 424 = 7*s + 256. Calculate the greatest common factor of s and 804.
12
Suppose -5*n + 2*n = -36. Let a = 2380 + -2188. What is the greatest common factor of a and n?
12
Let w = -364 + 406. Calculate the greatest common divisor of 210 and w.
42
Let f = -1373 - -3492. What is the highest common factor of f and 13?
13
Suppose l = 6*l - 115. Suppose -l*z + 25*z = 28. Calculate the highest common divisor of 56 and z.
14
Suppose -2*o + 5*a = -321, a = -o - 2*a + 144. What is the greatest common divisor of 27 and o?
9
Suppose -2*h - 4*r = -52 + 12, -82 = -5*h - 4*r. Let s be ((-42)/4)/((-18)/12). What is the greatest common divisor of s and h?
7
Let a be (2 + 0)/((-44)/66) - -4. What is the highest common factor of a and 37?
1
Let l(g) = -g**3 + 13*g**2 + 14*g + 8. Let d be l(14). Calculate the highest common factor of 8 and d.
8
Let b be 0*(-3)/9 - -4. Suppose -5*w = -b*a + 15, a - 3*w = 3*a + 9. Suppose a*n = 2*n - 54. Calculate the highest common divisor of n and 3.
3
Let f be ((-6)/(-12)*2)/(1/13). Calculate the highest common divisor of 104 and f.
13
Suppose -14*f = -857 - 263. What is the greatest common factor of 144 and f?
16
Suppose -g - 104 = -9*c + 5*c, -2*c + 52 = 3*g. Calculate the highest common divisor of c and 10.
2
Suppose -3*j + 464 = 134. Suppose -35 = -o + h - 3*h, -4*o - 2*h + j = 0. What is the highest common divisor of 5 and o?
5
Suppose 3*g = -4*m + 4*g + 99, 4*m - 5*g = 95. Let t(u) = 3*u - 4. Let i be t(3). What is the highest common divisor of m and i?
5
Suppose -5*q + 5*a = -10, -a - 17 = -3*q - q. Let x = q - 16. Let k(u) = u**2 + 3*u - 13. Let c be k(x). Calculate the highest common factor of c and 50.
25
Suppose 16*k = 4*o + 15*k - 989, 5*o = 4*k + 1228. Calculate the greatest common factor of 24 and o.
8
Let x(u) = -2*u - 9. Let t be x(-8). Suppose 6*o - 2*o - 156 = 0. Let b = o - t. Calculate the highest common divisor of b and 8.
8
Let h(n) = -13*n + 2. Let w = 20 - 22. Let s be h(w). Let t = 79 - 9. What is the greatest common factor of t and s?
14
Suppose -324 = -19*b + 15*b. Suppose -3*w = -3*u + b, -4*u + 3*w = -2*w - 105. Calculate the highest common factor of u and 6.
6
Suppose 9*q + 27 = 3*r + 4*q, r + 3*q + 5 = 0. Calculate the highest common divisor of r and 38.
2
Let w be (-400)/(-6) + (6 - 20/3). Calculate the highest common divisor of w and 528.
66
Suppose -1 = p - 3. Suppose 0*i + 4 = p*i. Suppose i*s - 26 = 22. Calculate the greatest common divisor of s and 168.
24
Let d be 722/22 + 4/22. Suppose 3*c + 0 - 6 = 0. Suppose -s + c = -9. What is the greatest common divisor of s and d?
11
Suppose -i - 53 = -q - 0*i, -3*i = -4*q + 213. What is the greatest common divisor of q and 81?
27
Suppose 0 = 19*d - 4*d - 165. What is the highest common factor of 77 and d?
11
Let c be 1029/12 - (-234)/104. Calculate the greatest common divisor of 748 and c.
44
Let c(n) = 9*n**2 - 5. Let l be c(-3). Let s = 54 + l. What is the greatest common factor of 26 and s?
26
Let i be (1 - -4)*(-4)/(-10). Let f(c) = 4*c. Let o be f(i). Let n be (-32)/(-24)*(-1 - -4). Calculate the highest common factor of n and o.
4
Let s = -1673 - -1701. What is the greatest common divisor of 91 and s?
7
Suppose -2*k + 15*h + 72 = 17*h, 0 = -4*k + h + 139. What is the highest common factor of 35 and k?
35
Let k(b) = -b**3 - 5*b**2 + 8*b + 8. Let x be k(-6). Let l be (x/(-8)*-2)/(-1). Calculate the highest common divisor of 1 and l.
1
Let w = -238 - -250. What is the greatest common factor of 48 and w?
12
Let s be 1032/32 - (-3)/4. Let p = s + 44. Calculate the highest common factor of p and 7.
7
Suppose 20 = 27*m - 23*m. What is the greatest common factor of 125 and m?
5
Let k be 3*((-44)/(-12) - 2). Suppose -k*o = t - 61, -2*t = -t + 2*o - 46. What is the highest common divisor of 54 and t?
18
Let r be ((-7)/2)/((-17)/34). Suppose 6*t = r*t - 44. What is the greatest common divisor of t and 484?
44
Let p(w) = w**2 + 3*w + 7. Let d be p(-2). Let g = -67 - -122. Calculate the greatest common factor of g and d.
5
Suppose -3*c = -c - 34. Let b = -4996 + 5030. Calculate the greatest common factor of c and b.
17
Suppose 4*v = 2*v - 4*l + 18, 4*l - 25 = 5*v. Let y = 12 - v. What is the highest common factor of y and 52?
13
Let y = 159 - 147. Calculate the highest common factor of y and 384.
12
Let y be (12/(-15))/((-3)/1170). Calculate the greatest common factor of 78 and y.
78
Suppose 4*w - 248 = -2*s, s + 2*s + w = 367. What is the highest common factor of s and 305?
61
Let d(p) = 7*p**2 + 3*p - 4. Let r be d(1). What is the highest common divisor of 96 and r?
6
Let x = -16 - -17. Let i be -2 - (-12 - x/1). Calculate the greatest common divisor of i and 33.
11
Suppose 2*j = -3*j + 15. Let t be ((-3)/3)/j*-387. Suppose -3*u = 3*m - 201, 4*u + m - 394 = -t. Calculate the greatest common divisor of u and 44.
22
Suppose 0 = 8*u - 49 - 47. Let l = -51 - -87. Calculate the greatest common factor of l and u.
12
Suppose 0 = 214*a - 203*a - 396. Calculate the greatest common factor of 18 and a.
18
Suppose -8*t = 983 - 7215. What is the highest common divisor of 38 and t?
19
Let h = 507 + -444. What is the highest common factor of 7 and h?
7
Suppose -66*f = -51*f - 45. Calculate the greatest common divisor of f and 258.
3
Let i = 8 - 3. Suppose 3*m - 52 = i*o, m + 2*o + 46 = 4*m. What is the greatest common factor of m and 98?
14
Suppose 209 + 214 = 9*a. Let s = a + -43. What is the highest common divisor of s and 1?
1
Let f = -713 - -734. Calculate the greatest common factor of f and 679.
7
Let o(l) = -46*l + 98. Let x be o(1). Calculate the highest common factor of x and 832.
52
Let k be ((-517)/(-22))/((-2)/4). Let j = k - -65. Calculate the highest common divisor of 2 and j.
2
Let t be (-41)/(-41)*38/2. Calculate the highest common factor of 171 and t.
19
Let m(q) = q**3 - 3*q**2 - 9*q + 11. Let k be m(5). What is the greatest common divisor of 128 and k?
16
Let g be ((-64)/14)/((-212)/34874). Calculate the highest common divisor of g and 16.
16
Suppose d = 17*d - 256. What is the highest common factor of d and 368?
16
Let z(r) = -r**3 - 18*r**2 - 4*r - 38. Let s be z(-18). What is the highest common divisor of 17 and s?
17
Let q(a) = 4 - 5*a + 4*a**2 - 3 - 2*a**2 - a**2. Let y be q(5). Suppose 0*r + y = 3*n + 2*r, -4*n - 2*r = -4. Calculate the greatest common factor of 21 and n.
3
Suppose 2*d - 6 = 4*t - 20, 4*d = 2*t + 2. Suppose 0 = z + 3, 8*r = d*r + z + 63. Suppose -9 = 7*u - 10*u. Calculate the highest common factor of r and u.
3
Suppose 7*j - 13680 = -9*j. Calculate the highest common divisor of j and 95.
95
Let s(g) = g**2 + g. Let u(n) = 3*n**2 + 4*n + 1. Let f(z) = 2*s(z) + u(z). Let m be f(-3). Calculate the greatest common divisor of 56 and m.
28
Suppose -2*k - 2*l = 0, -2*l = 3*k - 0*k - 1. Let b(m) = 58*m - 4. Let v be b(k). What is the highest common divisor of 135 and v?
27
Let i(m) = 16*m + 900. Let n be i(-45). What is the highest common factor of n and 10?
10
Let n = -18 - 16. Let v = n + 51. What is the greatest common factor of 102 and v?
17
Let j = -11 + 2. Let q(p) = p + 30. Let y be q(j). Calculate the greatest common factor of 14 and y.
7
Let i(x) = -x. Let z(j) = 2*j + 10. Let h(g) = 2*i(g) - z(g). Let m be h(-6). What is the greatest common divisor of 70 and m?
14
Suppose 18*w - 1584 = -18*w. Calculate the greatest common factor of w and 429.
11
Suppose 9 = 3*y, -5*y = 2*a - y - 34. Let n be 4 - (2 - 16/(-4)). Let b = n + 3. Calculate the highest common divisor of a and b.
1
Suppose -19*a - 4*w = -15*a - 212, 5*w = 4*a - 239. What is the greatest common divisor of a and 24?
8
Let q(w) = 2*w**2 - 27*w - 9. Let j be q(14). Suppose 0 = -2*v - 2*s + j*s + 381, 0 = 4*v - s - 787. What is the highest common factor of 22 and v?
22
Let d = 8524 + -8519. Suppose -5*